/v*(3/(-2) - -3). List the prime factors of (14/42)/((j*-1)/(-366)).
61
Suppose -14*j + 22 + 20 = 0. Suppose j*n + 5136 = 19*n. What are the prime factors of n?
3, 107
Suppose 0 = s - 5*k - 9727, 73*k = 5*s + 68*k - 48535. What are the prime factors of s?
2, 3, 7, 11
Let l(j) = 4404*j + 1287. List the prime factors of l(6).
3, 3079
Suppose -4*h + 2*y + 60084 = 0, 15161 = 4*h - y - 44921. What are the prime factors of h?
2, 5, 751
Let y = -6 - -28. Suppose -23*v = -y*v + 9. Let c = v - -12. What are the prime factors of c?
3
Let q(r) = -86*r + 3. Suppose -a - 7*a = 8. Let j be q(a). Suppose 3*c + 2*y - j = 36, 0 = 3*c + 5*y - 119. What are the prime factors of c?
43
Let v = 158 - 153. Suppose -5*i = -2*h - h - 2568, 3*i + v*h = 1534. What are the prime factors of i?
3, 19
Let p(a) = 549*a**2 - 105*a + 501. What are the prime factors of p(6)?
3, 5, 7, 11, 17
Let l = 23190 + -8907. List the prime factors of l.
3, 23
Let n be (-3 + 7 + 0)/2. Suppose -2*i + 6*g = 3*g - 40, -n*i + 12 = 4*g. List the prime factors of i.
2, 7
Suppose -4*a - 12*a + 17*a - 8 = 0. Let g(m) be the first derivative of m**3 + 4*m**2 + 23*m + 2. What are the prime factors of g(a)?
3, 31
What are the prime factors of (5/(-20) + 22/(-8))*10037/(-3)?
10037
Suppose 0 = -8*y - 16*y + 132936. List the prime factors of y.
29, 191
Let o = -40 - -45. Suppose -o*c + 16 = 1. Suppose 0 = c*q - 3*v - 171, 2*q - 4*v = -v + 112. What are the prime factors of q?
59
Let p = -135 + 143. Suppose -18*z + 2400 = -p*z. What are the prime factors of z?
2, 3, 5
Let g(f) = -8*f**3 - 25*f**2 + 22*f - 103. List the prime factors of g(-12).
9857
Let y = 84 + -76. Let j(c) = c**3 - 2*c**2 + 5*c + 5. Let o be j(y). Suppose 3*t + 5*b - o = 0, -t - 5*b + 157 = -8*b. List the prime factors of t.
2, 37
Let y = -22865 + 15051. List the prime factors of y/(-10) + (-6)/(-10).
2, 17, 23
Let x(f) = -84*f + 571. List the prime factors of x(-44).
17, 251
Let c(i) = -167*i - 10. Let b be 16/(-6)*(-9)/3. Suppose 5*o - 25 = b*u - 3*u, 5*o - 23 = 3*u. What are the prime factors of c(u)?
157
Let a(s) = s**3 + 15*s**2 - 11*s - 21. Let q(x) = 5*x - 40. Let b be q(5). Let u be a(b). Suppose 6*d - u = 252. List the prime factors of d.
2, 3, 11
Suppose 3*t + 13337 = j - 229, 2*t - 13576 = -j. List the prime factors of j.
2, 3, 13, 29
Let k(a) = -1 + 6 + 15 + 12*a + 4 + a**2. Let f be k(-16). Suppose 32*c - 34*c = -f. What are the prime factors of c?
2, 11
Let x = 18051 - 555. List the prime factors of x.
2, 3
Let c(g) = g**3 - 21*g**2 + 4*g - 29. Let l be c(22). Suppose -14389 = -23*d - l. List the prime factors of d.
2, 7, 43
Let a(f) = -431*f - 1. Let m(g) = 1077*g + 3. Let b(r) = -12*a(r) - 5*m(r). Let s be 40/72*-3 + 6/(-36)*-4. List the prime factors of b(s).
2, 3, 5, 7
Suppose 0 = 2*z, -z + 36 = 11*p - 7*p. What are the prime factors of (p - 4004/(-21)) + 2/6?
2, 5
Let a be (1 + 0)/((-10)/(-130)) - -1. Suppose -11*p + a*p - 942 = 0. List the prime factors of p.
2, 157
Suppose 2*d + 5*u + 1 - 24 = 0, 4*d + u = 37. Suppose d*o - 9*o = -13*o. Suppose o = -5*r - r + 1200. What are the prime factors of r?
2, 5
Let g = 4194 + -2966. Suppose -1233*o = -g*o - 4505. List the prime factors of o.
17, 53
Let x(v) = 2769*v + 4718. List the prime factors of x(5).
19, 977
Let m = 668 - 296. Let w = m - 178. List the prime factors of w.
2, 97
Let j be (-2)/3*2556/(-8). Let h = -82 + -58. Let n = h + j. What are the prime factors of n?
73
Suppose -127980 = -26*c + 8*c. What are the prime factors of c?
2, 3, 5, 79
Suppose 10*o = -7*o + 22984. Suppose 2*n = 4*n + 4*k - o, 0 = 2*n - 2*k - 1376. What are the prime factors of n?
2, 3, 19
Let h(y) = y**3 - 11*y**2 - 4*y - 6. Let q be h(6). Let j be (q/5)/((-1)/3). Suppose -2 = -4*s - 4*k + 106, 4*k + j = 5*s. What are the prime factors of s?
2, 13
Let z = 15 + -11. Let v be (-1)/z - (-169)/4. Let d = v - 28. List the prime factors of d.
2, 7
Suppose 16644 - 154634 = -5*l. What are the prime factors of l?
2, 13799
Let c = 197 - -418. Let x = c + -214. What are the prime factors of x?
401
Suppose 11*q - 9598 - 42432 = 0. What are the prime factors of q?
2, 5, 11, 43
Let j be (3 + 116/(-36))*6*-3. Suppose -2*b - 662 = -p - 3*b, 0 = -2*p - j*b + 1316. List the prime factors of p.
2, 3, 37
Suppose -d = -f + 1, d - 6*f + 3*f = -11. Suppose d*l + 988 = 8*l. Suppose 11*s - 490 = l. List the prime factors of s.
67
Suppose -9*t - 4*t - 5833 = -28297. List the prime factors of t.
2, 3
Let q(p) = -8 - 6 + 4*p + 1 - 3*p. Let d be q(16). Let w(s) = 32*s + 12. What are the prime factors of w(d)?
2, 3
Let a = 28 + -25. Let p(b) = -59*b**2 + 7 + 6*b**a - 2 - 2*b + 59*b**2. What are the prime factors of p(2)?
7
List the prime factors of -4*((-3826)/1)/(38/(-4) - -10).
2, 1913
Suppose 8*h - 13*h = 15. Let s(o) = 36*o + 20. Let g be s(h). Let j = g - -105. What are the prime factors of j?
17
Let n(u) = 2*u**3 - 45*u**2 + 53*u + 7. Let t be n(21). What are the prime factors of -2*t/42*3?
29
Suppose -28*i = -8*i - 80. Suppose 2*v - 4*x + 1158 = i*v, v = 2*x + 587. What are the prime factors of v?
11, 53
Let a = 1420 - 2035. List the prime factors of (40 + -41)/(a/614 + 1).
2, 307
Let d = 113 - 108. Suppose d*v - 1056 = v. List the prime factors of v.
2, 3, 11
Suppose -4 = -80*a + 79*a. Suppose a*g - 6470 = -1094. List the prime factors of g.
2, 3, 7
Let f(u) = 8*u**2 - 4*u - 59. Let d be f(11). Let m = -227 + d. What are the prime factors of m?
2, 11, 29
Let k = -257 + 255. What are the prime factors of 336 - (-12)/k - -1?
331
Let i = 460 + 487. Suppose 0 = l - i + 111. What are the prime factors of l?
2, 11, 19
Suppose -8*b - 2*w + 6 = -6*b, 0 = 5*w - 20. What are the prime factors of 283 - ((-3)/b - (22 - 13))?
17
Let j be (2/8)/((-5)/(-100)) + 305. Suppose 0 = -4*n + 106 + j. What are the prime factors of n?
2, 13
Suppose -1209*t + 184120 = -1204*t - 5*f, -5*t - 5*f = -184070. List the prime factors of t.
3, 4091
Let d = 2181 - 1103. Let g = d - -246. List the prime factors of g.
2, 331
Let w = 49810 - -16856. What are the prime factors of w?
2, 3, 41, 271
Let h(m) = -m**2 + m + 1. Let u(s) = -s**3 + 17*s**2 - 20*s - 2. Suppose 10*y - 1 = 9*y. Let k(c) = y*u(c) + 4*h(c). List the prime factors of k(11).
2, 17
Let o = 371 - 365. Suppose -o*w = 28*w - 38760. List the prime factors of w.
2, 3, 5, 19
Let d = -92 + 156. Let t be (-5)/2*d/(-80). What are the prime factors of (1419/22)/(t/4)?
3, 43
Suppose -4*a + 53*a - 65640 = 29*a. List the prime factors of a.
2, 3, 547
Suppose 5*x + 29 = -3*h, -5 = h - 0*h - 3*x. Let y be (3 + h)/(-10)*126. Suppose 2*p + y = 5*p + 3*z, z = 5*p - 105. What are the prime factors of p?
3, 7
Suppose 3*n = -3*m + 4332, 18*m - 5811 = 14*m + n. What are the prime factors of m?
1451
Let u(j) = -5*j - 4*j + 8*j + 91. Let q be u(0). Let n = -2 + q. What are the prime factors of n?
89
Suppose 0 = -z, 0 = 4*y - y + 3*z. Let x(c) = -c**2 - 29*c + 436. What are the prime factors of x(y)?
2, 109
Let m(k) = 47*k**3 - 9*k**2 - 13*k - 25. What are the prime factors of m(5)?
2, 5, 139
Suppose 0 = 4*k + 4*k + 608. Suppose -15*d - 630 = -20*d. Let a = k + d. List the prime factors of a.
2, 5
Suppose 320 = -4*o - 4*d, 2*o + 80 = d - 71. Suppose c = 4*c - 426. Let a = o + c. What are the prime factors of a?
5, 13
Suppose 0 = -73*u - 71*u + 27*u + 1727388. List the prime factors of u.
2, 3691
List the prime factors of (-84233673)/(-2010) + (-6)/20.
3, 61, 229
Suppose -453*f + 373*f + 278480 = 0. What are the prime factors of f?
59
Let m(h) = -h**2 + 18*h - 15. Let z be m(16). List the prime factors of 84/((-16)/(-30) + z/(-85)).
2, 3, 7
Suppose z - 3*g = 19313, 0 = 2*g - g + 3. List the prime factors of z.
2, 19, 127
Suppose 2 = 3*c - 7. Let l = -1 - c. List the prime factors of 2/(-5) + l*227/(-20).
3, 5
Let f(h) = 61*h - 174. Let d be f(6). List the prime factors of (-2542)/(-6) - d/(-144).
5, 17
Let m = -27515 + 54671. List the prime factors of m.
2, 3, 31, 73
Let f(z) = 2*z**2 - 2*z + 2*z + 0*z - 2*z - 48. List the prime factors of f(-24).
2, 3
Let a(z) = -z - 37. Let j be a(-16). Let o be j/6*(-12)/21. Suppose 5*c + 4*y = 336, -o*c + 84 = -c + 5*y. List the prime factors of c.
2
Let p(t) = 3*t + 21. Let z be p(-8). Let s be (z/4)/(6/(-16)). Suppose -504 = -s*k - 4*k. List the prime factors of k